{"id":9,"date":"2018-04-05T10:04:02","date_gmt":"2018-04-05T10:04:02","guid":{"rendered":"http:\/\/www.dobijbaterky.com\/?page_id=9"},"modified":"2020-01-06T08:07:24","modified_gmt":"2020-01-06T08:07:24","slug":"kontakt","status":"publish","type":"page","link":"https:\/\/www.dobijbaterky.com\/?page_id=9","title":{"rendered":"Kontakt"},"content":{"rendered":"<div id=\"wrapper\" class=\"container\">\n<div class=\"main-wrap-box\">\n<div class=\"col-md-12\">\n<p>Lucie \u0160\u00edmov\u00e1<\/p>\n<p>tel: 736 215 025<\/p>\n<p>e-mail: 1.lucias@seznam.cz<\/p>\n<p>Facebook: <a href=\"https:\/\/www.facebook.com\/groups\/1015327731952571\/\">Dobijbaterky<\/a><\/p>\n<p>I\u010c: 76472060<\/p>\n<\/div>\n<div class=\"clear\"><\/div>\n<\/div>\n<\/div>\n<div id=\"footer\" class=\"copyright-wrapper\">\n<div class=\"container\">\n<div class=\"row\">\n<div class=\"footerinner\"><\/div>\n<\/div>\n<\/div>\n<\/div>\n","protected":false},"excerpt":{"rendered":"<p>Lucie \u0160\u00edmov\u00e1 tel: 736 215 025 e-mail: 1.lucias@seznam.cz Facebook: Dobijbaterky I\u010c: 76472060&#8230;<\/p>\n<p> <a class=\"continue-reading-link\" href=\"https:\/\/www.dobijbaterky.com\/?page_id=9\"><span>\u010ct\u011bte v\u00edce<\/span><i class=\"crycon-right-dir\"><\/i><\/a> <\/p>\n","protected":false},"author":1,"featured_media":0,"parent":0,"menu_order":5,"comment_status":"closed","ping_status":"closed","template":"","meta":[],"_links":{"self":[{"href":"https:\/\/www.dobijbaterky.com\/index.php?rest_route=\/wp\/v2\/pages\/9"}],"collection":[{"href":"https:\/\/www.dobijbaterky.com\/index.php?rest_route=\/wp\/v2\/pages"}],"about":[{"href":"https:\/\/www.dobijbaterky.com\/index.php?rest_route=\/wp\/v2\/types\/page"}],"author":[{"embeddable":true,"href":"https:\/\/www.dobijbaterky.com\/index.php?rest_route=\/wp\/v2\/users\/1"}],"replies":[{"embeddable":true,"href":"https:\/\/www.dobijbaterky.com\/index.php?rest_route=%2Fwp%2Fv2%2Fcomments&post=9"}],"version-history":[{"count":7,"href":"https:\/\/www.dobijbaterky.com\/index.php?rest_route=\/wp\/v2\/pages\/9\/revisions"}],"predecessor-version":[{"id":1502,"href":"https:\/\/www.dobijbaterky.com\/index.php?rest_route=\/wp\/v2\/pages\/9\/revisions\/1502"}],"wp:attachment":[{"href":"https:\/\/www.dobijbaterky.com\/index.php?rest_route=%2Fwp%2Fv2%2Fmedia&parent=9"}],"curies":[{"name":"wp","href":"https:\/\/api.w.org\/{rel}","templated":true}]}}